-2*j + 27061 = -n + 171130. Is n composite?
False
Let x = -369524 + 731229. Is x a prime number?
False
Suppose t - 2967 - 1631 = 0. Suppose 16*g - t = 5*g. Suppose -2*b + x = -847 - g, 2*b - 1253 = -3*x. Is b composite?
False
Let j(c) = -c**3 + 110*c**2 + 317*c + 371. Is j(102) composite?
True
Let m = -1786 - -3188. Is m composite?
True
Is 12554/10 + (-24)/(-15) a composite number?
True
Suppose 0*i - 10 = -2*i. Suppose -8*h - i + 61 = 0. Suppose 1777 = -h*q + 4696. Is q prime?
False
Suppose 65*p - 78*p + 750529 = 0. Is p prime?
False
Suppose 34*k = 11*k + 29969. Suppose 0 = 2*t + 5*n - 2380 - k, 0 = 3*t - 3*n - 5472. Is t prime?
False
Let k(s) = 2*s**3 + 58*s**2 + 11*s - 21. Let r be k(-28). Let c = -548 + r. Is c prime?
True
Let x(q) = 1481*q**2 + q + 1. Let g(z) = -3*z - 50. Let i be g(-17). Is x(i) a composite number?
False
Suppose -3*v = 15, 8 - 43 = -5*s + 4*v. Let w = 16 + -10. Suppose s*p - w*p = -3111. Is p a prime number?
False
Suppose -2*u + 2*j - 16 = u, -3*u = -3*j + 12. Let v(q) = -q - 10. Let p be v(u). Is ((-44)/20)/(p/10) prime?
True
Suppose -26*d = -19*d + 14. Is ((-34)/(-102))/(d/(-155046)) a prime number?
True
Let f(s) = 11*s**3 + 9*s**2 + 388*s + 85. Is f(23) a prime number?
True
Suppose -4589 = 19*w - 6*w. Let t be (-2)/9 + 1996/(-9). Let g = t - w. Is g a prime number?
True
Is 75*823242/294 + 2/7 prime?
True
Let m = -748 + 748. Suppose 6*a + 41761 - 122899 = m. Is a a prime number?
True
Suppose 0 = -2*q + 5*l + 3106, -14*l = -4*q - 22*l + 6284. Is q a composite number?
True
Let a(l) be the third derivative of 11/6*l**3 + 8 - 26/3*l**4 + 0*l - l**2. Is a(-6) a composite number?
False
Let h = -1081735 + 1831504. Is h a composite number?
True
Let f be ((-753)/(4 - 3))/((-3)/(-4)). Is ((-52)/8)/((2/f)/1) prime?
False
Suppose -8*k + 420 = -1380. Let a = 18 + k. Is (2 + a/6)/((-2)/(-4)) a composite number?
True
Suppose -5*u + 599543 - 91108 = -5*f, 2*f = -2*u + 203350. Is u composite?
False
Is -6 + (106838 - 11) + (0 - -2) a composite number?
False
Suppose 0 = -5*j + b + 6, 2*j = 3*j - 5*b + 18. Is (3 - j - -1) + 115 + -2 a prime number?
False
Let p = 60 + -54. Suppose -p*j = -11*j + 8765. Is j a composite number?
False
Suppose 0 = -f + 45 + 92. Let v = f + -141. Is (-44)/6*(20/8 + v) a composite number?
False
Suppose -83*x - 56*x + 611943 = -18423134. Is x prime?
True
Suppose 8*y + 2 = 215874. Suppose 5*o = -3*s + y - 8754, -5*o + s + 18210 = 0. Is o a composite number?
False
Suppose -12*i + 54 = -66. Let q(g) = g**3 - 2*g**2 + 1. Let m be q(1). Suppose m = -i*l + 6*l + 7604. Is l composite?
False
Let b = -369 - -370. Is (1 + b)*(-13 + 42970/20) composite?
False
Let z = -7770 - -7767. Let y(x) = 250*x + 13. Let n(u) = -125*u - 6. Let q(c) = 9*n(c) + 4*y(c). Is q(z) a prime number?
True
Suppose 0 = 19*f - 556148 - 8865054 + 1073343. Is f a composite number?
True
Let s = -9581 - -24100. Is s prime?
True
Suppose 2628*v = 2634*v - 97058 + 16052. Is v a composite number?
True
Let v = 2609 + 14232. Suppose 2*n - 8424 = -2*a, 3*a + v = 4*n - 0*a. Is n prime?
True
Let k(q) = -5064*q + 2123. Is k(-17) prime?
True
Let f = 149 + -144. Suppose 4*w = 3*r + 27643, w - 4*w + 20754 = f*r. Is w composite?
True
Let l be (-12)/3 + 0 - -21. Let r = -22 + l. Is (1690/5 - r) + 4 a prime number?
True
Let b = -15 - -14. Let a(x) = -9*x**3 - 2*x**2 - x + 1. Let k be a(b). Is ((-9)/(-6))/(k/6702) a prime number?
True
Let p = -402 - -10195. Is p composite?
True
Let w(h) = -h**3 + 13*h**2 + 28*h + 33. Let i be w(15). Is ((-4909)/(-3) - -2)*i prime?
False
Is (-105)/420*6*-199634 composite?
True
Let q be 34/9 + (0 - 2/(-9)). Suppose -q*g + 6923 = 3*d, -10*d = -5*d + 2*g - 11543. Is d composite?
False
Suppose 0 = -23*r + 25*r + 5*z - 218954, -r = -5*z - 109477. Is r prime?
False
Is -11 - (-665)/63 - 281326/(-9) composite?
True
Let g(k) = -5*k**3 + 33*k**2 - 48*k - 143. Is g(-14) prime?
True
Suppose 4*o + 0*a = -4*a + 4652, 1 = -a. Suppose 55*l - 58*l + 6 = -2*n, -n - 4 = -2*l. Suppose -2*s + 7*s + 5*h - 1950 = n, 3*s + 5*h = o. Is s prime?
False
Let s(w) = -w**3 - 8*w**2 - 7*w - 3. Suppose y - 30 = -5*y. Suppose c + 5*a = y, -49 = 5*c - c - 3*a. Is s(c) composite?
True
Suppose 7694345 - 1360622 = 20*n + 79*n. Is n prime?
True
Let t(m) = -139*m + 20. Let w = -363 - -361. Is t(w) prime?
False
Let b(o) = -12*o + 7*o + o + o - 11. Suppose 2*r - 4*r = 16. Is b(r) composite?
False
Suppose -w = 5, -54 = 4*l + 5*w + 15. Let r = -14 - l. Is r/(3 + (-1416)/471) a composite number?
True
Suppose 2*n + 5699 = d - 2*n, -5*n + 28570 = 5*d. Suppose 2*j - d = j. Is j a prime number?
True
Suppose 106*f + 1156183 - 1407817 = 2750180. Is f a prime number?
True
Suppose -756822 = 15*g - 61*g + 693236. Is g a composite number?
True
Let i(v) = v**2 - 73*v + 26615. Is i(0) prime?
False
Let w(j) = 73*j - 18. Let b be (-4)/(0 + 2 + -3) - -3. Let n(o) = -37*o + 9. Let v(r) = b*n(r) + 4*w(r). Is v(22) a composite number?
True
Let z be (19 + -50)/(0 + 1). Is (z - -26) + (876 - (-1 + 3)) a composite number?
True
Let u(k) = -2*k**3 + 7*k + 5*k**2 - 7*k**2 - 7*k**3 - 2. Let l be u(4). Let c = l - -1105. Is c a prime number?
True
Let j = -7917 + 63211. Is j prime?
False
Let g = 1086929 - 705016. Is g a prime number?
False
Let f(n) = 3*n - 37. Suppose -37 = -3*c - s - s, -3*c + 2*s + 41 = 0. Let k be f(c). Is 19/38*1876/k prime?
False
Let n = -12 - -16. Suppose 16*q - 59627 = 27509. Is q/10 - n/(-10) a composite number?
True
Let m = 561598 + 450909. Is m composite?
False
Let a(y) = 3601*y + 6975. Is a(106) prime?
False
Let z(f) = -59827*f + 24. Is z(-1) a prime number?
False
Suppose v = -5*v - 32*v + 457786. Is v a prime number?
False
Let x(v) = 25*v**2 + 883*v - 109. Is x(-73) prime?
False
Suppose 0 = -3*v + 156 + 162. Let w = v - 95. Is w a prime number?
True
Suppose -5 - 5 = -2*n - a, -4*n - a + 18 = 0. Suppose t - 3 = -5, 2*s = n*t + 4018. Suppose l + s = 6*l. Is l a prime number?
True
Let y = 97 - 96. Let k = 33 + -18. Is y + 609*10/k composite?
True
Suppose 1 = 3*k - 2. Let d(a) = 203*a + 5. Let r(n) = -207*n - 4. Let v(y) = -5*d(y) - 6*r(y). Is v(k) a composite number?
True
Suppose -6*x = -33241 - 23945. Suppose 5*z - 4*r + 6327 = 53988, 2*r + x = z. Is z prime?
True
Let k(j) = -6*j**2 + 4*j + 7. Let a be k(-4). Let v be 7*(-5)/a*(3 - 0). Is (v + (-232)/(-3))*3 prime?
False
Let a = 12 - 9. Suppose -a*c + 3 = -4*c, 5*o + 14284 = -3*c. Let i = -1684 - o. Is i a prime number?
True
Let f(x) = 15*x - 7. Let h be 6/(-10) + -23*3/(-15). Suppose -w + j = -h, -j + 4 = 4*w - 7. Is f(w) prime?
False
Let s be (-5)/(105/9108) + (-8)/28. Let n = 799 - s. Suppose 2*k - 749 = n. Is k a composite number?
False
Suppose -16 = 4*j - 20*j. Is (j/(-2))/((-9)/43398) prime?
True
Let i(k) = -1095*k - 431. Is i(-40) a composite number?
True
Let i = -186 + 188. Is (-2373)/(-21)*((1 - i) + 14) composite?
True
Suppose -5*o + 161664 = s, -5*o + o + 323370 = 2*s. Is s a composite number?
True
Let c(q) = 92*q**2 - 32*q + 717. Is c(17) a prime number?
False
Let i = 3099 - -15664. Is i a composite number?
True
Let w be (4/(-14) - 11/(-14))*830. Let y = 23 + w. Suppose -x - 2*v + 155 = 0, -3*x + 4*v = v - y. Is x a prime number?
True
Let d(k) be the first derivative of k**6/120 + 7*k**5/30 + 2*k**4/3 + k**2/2 + 8. Let t(o) be the second derivative of d(o). Is t(-11) a composite number?
True
Let d(u) = -u**3 + 6*u**2 + u - 1. Let v be d(6). Suppose -v*i = -6736 - 949. Is i composite?
True
Let f(g) = 12*g**3 + 50*g**2 - 299*g - 11. Is f(8) composite?
True
Is 19/((-285)/(-10)) - ((-826952)/12)/2 a prime number?
True
Let a be 1 - (-3 + 0) - 34. Let f be 476/a + (-40)/300. Let y(t) = -21*t - 49. Is y(f) prime?
False
Let r be (8 + -10)/(0 + -1). Suppose -4*o = r*y - 20, 0 = o - 2*o + 3. Suppose -y*f = f - 9055. Is f composite?
False
Suppose -54*q + 49*q = -2*i + 60012, 120078 = 4*i - q. Is i a prime number?
False
Suppose -p = -o - 206395, -5*o - 619177 = -7*p + 4*p. Is p a prime number?
True
Suppose 8297 - 1717 = 2*x. Let d = x + -1693. Is d composite?
False
Let t(y) be the first derivative of -y**4/4 + 2*y**3 - y**2/2 + 5*y + 15. Let m be t(6). Is 0 + m - (-804 + 0) prime?
False
Suppose 2*u + 3 = 2*p + 1, -4*p + 12 = 0. Suppose -u*t - 3533 = 9*m - 12*m, m - 1171 = 2*t. Is m prime?
True
Let c(t) = -181*t**2 + 15*t - 12.